{"id":717,"date":"2025-03-31T16:39:30","date_gmt":"2025-03-31T14:39:30","guid":{"rendered":"https:\/\/aslgfsamoens.fr\/?page_id=717"},"modified":"2025-03-31T16:55:38","modified_gmt":"2025-03-31T14:55:38","slug":"assurance","status":"publish","type":"page","link":"https:\/\/aslgfsamoens.fr\/index.php\/assurance\/","title":{"rendered":"Assurance"},"content":{"rendered":"\t\t<div data-elementor-type=\"wp-page\" data-elementor-id=\"717\" class=\"elementor elementor-717\">\n\t\t\t\t<div class=\"elementor-element elementor-element-22ea1fce e-flex e-con-boxed e-con e-parent\" data-id=\"22ea1fce\" data-element_type=\"container\">\n\t\t\t\t\t<div class=\"e-con-inner\">\n\t\t\t\t<div class=\"elementor-element elementor-element-6a153057 elementor-widget elementor-widget-text-editor\" data-id=\"6a153057\" data-element_type=\"widget\" data-widget_type=\"text-editor.default\">\n\t\t\t\t<div class=\"elementor-widget-container\">\n\t\t\t\t\t\t\t\t\t<p>Du fait d&#8217;adh\u00e9rer \u00e0 L&#8217;ASLGF vos parcelles de bois sont couvertes en \u00a0assurance:<br \/>RESPONSABILITE CIVILE (RC) et PROTECTION JURIDIQUE<\/p><p>La d\u00e9claration des parcelles se fait en fin d&#8217;ann\u00e9e civile pour l&#8217;ann\u00e9e suivante. Il y a donc un d\u00e9calage d&#8217;une ann\u00e9e au maximum entre votre adh\u00e9sion et l&#8217;assurance de vos parcelles<\/p><ul><li><a href=\"https:\/\/aslgfsamoens.fr\/wp-content\/uploads\/2025\/03\/ATTESTATION-ADHESION-ET-ASSURANCE-parcelle-ASLGF-SAMOENS.pdf\">attestation 2024<\/a><\/li><\/ul>\t\t\t\t\t\t\t\t<\/div>\n\t\t\t\t<\/div>\n\t\t\t\t\t<\/div>\n\t\t\t\t<\/div>\n\t\t\t\t<\/div>\n\t\t","protected":false},"excerpt":{"rendered":"<p>Du fait d&#8217;adh\u00e9rer \u00e0 L&#8217;ASLGF vos parcelles de bois sont couvertes en \u00a0assurance: RESPONSABILITE CIVILE (RC) et PROTECTION JURIDIQUE La d\u00e9claration des parcelles se fait en fin d&#8217;ann\u00e9e civile pour l&#8217;ann\u00e9e suivante. Il y a donc un d\u00e9calage d&#8217;une ann\u00e9e au maximum entre votre adh\u00e9sion et l&#8217;assurance de vos parcelles attestation 2024<\/p>\n","protected":false},"author":1,"featured_media":0,"parent":0,"menu_order":0,"comment_status":"closed","ping_status":"closed","template":"","meta":{"om_disable_all_campaigns":false,"passster_activate_protection":false,"passster_protect_child_pages":"","passster_protection_type":"password","passster_password":"","passster_activate_overwrite_defaults":"","passster_headline":"","passster_instruction":"","passster_placeholder":"","passster_button":"","passster_id":"","passster_activate_misc_settings":"","passster_redirect_url":"","passster_hide":"no","passster_area_shortcode":"","_monsterinsights_skip_tracking":false,"_monsterinsights_sitenote_active":false,"_monsterinsights_sitenote_note":"","_monsterinsights_sitenote_category":0,"footnotes":""},"class_list":["post-717","page","type-page","status-publish","hentry"],"aioseo_notices":[],"_links":{"self":[{"href":"https:\/\/aslgfsamoens.fr\/index.php\/wp-json\/wp\/v2\/pages\/717","targetHints":{"allow":["GET"]}}],"collection":[{"href":"https:\/\/aslgfsamoens.fr\/index.php\/wp-json\/wp\/v2\/pages"}],"about":[{"href":"https:\/\/aslgfsamoens.fr\/index.php\/wp-json\/wp\/v2\/types\/page"}],"author":[{"embeddable":true,"href":"https:\/\/aslgfsamoens.fr\/index.php\/wp-json\/wp\/v2\/users\/1"}],"replies":[{"embeddable":true,"href":"https:\/\/aslgfsamoens.fr\/index.php\/wp-json\/wp\/v2\/comments?post=717"}],"version-history":[{"count":8,"href":"https:\/\/aslgfsamoens.fr\/index.php\/wp-json\/wp\/v2\/pages\/717\/revisions"}],"predecessor-version":[{"id":727,"href":"https:\/\/aslgfsamoens.fr\/index.php\/wp-json\/wp\/v2\/pages\/717\/revisions\/727"}],"wp:attachment":[{"href":"https:\/\/aslgfsamoens.fr\/index.php\/wp-json\/wp\/v2\/media?parent=717"}],"curies":[{"name":"wp","href":"https:\/\/api.w.org\/{rel}","templated":true}]}}

<div data-elementor-type="wp-page" data-elementor-id="717" class="elementor elementor-717">
				<div class="elementor-element elementor-element-22ea1fce e-flex e-con-boxed e-con e-parent" data-id="22ea1fce" data-element_type="container">
					<div class="e-con-inner">
				<div class="elementor-element elementor-element-6a153057 elementor-widget elementor-widget-text-editor" data-id="6a153057" data-element_type="widget" data-widget_type="text-editor.default">
				<div class="elementor-widget-container">
									<p>Du fait d&#8217;adhérer à L&#8217;ASLGF vos parcelles de bois sont couvertes en  assurance:<br />RESPONSABILITE CIVILE (RC) et PROTECTION JURIDIQUE</p><p>La déclaration des parcelles se fait en fin d&#8217;année civile pour l&#8217;année suivante. Il y a donc un décalage d&#8217;une année au maximum entre votre adhésion et l&#8217;assurance de vos parcelles</p><ul><li><a href="https://aslgfsamoens.fr/wp-content/uploads/2025/03/ATTESTATION-ADHESION-ET-ASSURANCE-parcelle-ASLGF-SAMOENS.pdf">attestation 2024</a></li></ul>								</div>
				</div>
					</div>
				</div>
				</div>

<p>Du fait d&#8217;adhérer à L&#8217;ASLGF vos parcelles de bois sont couvertes en  assurance: RESPONSABILITE CIVILE (RC) et PROTECTION JURIDIQUE La déclaration des parcelles se fait en fin d&#8217;année civile pour l&#8217;année suivante. Il y a donc un décalage d&#8217;une année au maximum entre votre adhésion et l&#8217;assurance de vos parcelles attestation 2024</p>
